**3 - 87*t**2 + 48*t + 65. Let g be h(43). What is the greatest common factor of g and 29960?
280
Let f(y) be the first derivative of 2*y - 3/2*y**2 + 33*y**3 + 6. Let m be f(1). Calculate the greatest common divisor of 28 and m.
14
Let r(l) = l**2 + 9*l + 10. Let p be r(-8). Let d be (-165)/(-44) - p/(-8). Suppose 0 = -x + d*x - 33. Calculate the greatest common factor of x and 33.
11
Let d be 830 - (49/(-7) - 14). What is the greatest common divisor of d and 184?
23
Suppose 116*z - 122172 = -1671 + 326099. What is the greatest common factor of 77 and z?
77
Suppose 3*i - 18*d + 17*d = 2004, 2*i - 1343 = 3*d. Calculate the highest common divisor of 261 and i.
29
Suppose -21*i + 26*i - 20 = 0. Suppose i = -u + 11. Calculate the greatest common divisor of u and 126.
7
Let i(g) = 3*g**2 - 44*g + 1. Let a be i(-14). What is the greatest common factor of a and 4579?
241
Suppose -13*t + 45 = -4*t. Suppose -t*j = -46 - 74. Let q be (-4)/((-48)/501) - (-6)/j. What is the highest common divisor of q and 28?
14
Suppose 1783 = u + 1579. Let i = -374 - -527. Calculate the highest common divisor of u and i.
51
Suppose 0 = 9*d - 4*d - 190. Suppose -70 = 4*g - 9*g. Suppose -6*r + 470 = g. What is the greatest common factor of d and r?
38
Let u be (0 + 2 - 2)*-1. Let t(b) = 4*b**3 + 10*b**2 - 24*b + 5. Let l be t(-4). Suppose u*f = l*f - 10. Calculate the greatest common divisor of f and 16.
2
Let o(l) = -l**3 - 35*l**2 - 3*l + 185. Let b be o(-35). What is the highest common divisor of 1914 and b?
58
Let k be 2 + 0/2 - -1388. Suppose -866675*r - 17 = -866700*r + 233. What is the highest common divisor of k and r?
10
Suppose -c - 4 = 2*l, 0 = 22*c - 25*c + 4*l + 58. Calculate the greatest common factor of c and 502.
2
Suppose -2*b + 301 = d, 5*b + 365 - 1119 = -4*d. Let u(y) = y**3 + 20*y**2 - 19*y + 72. Let v be u(-21). What is the greatest common divisor of b and v?
30
Suppose -1028 = -8*c + 1809 + 2483. Calculate the highest common factor of 2945 and c.
95
Suppose -2*g + 4 = 4*b - 44, 24 = g - b. Calculate the greatest common divisor of 3072 and g.
24
Suppose 31*k - 29*k = f + 44, 0 = -k + 5*f + 31. What is the highest common factor of 1351 and k?
7
Suppose 279 = 4*k + 39. Let a(j) = j + 36. Let r be a(5). Let l = r - 21. What is the greatest common divisor of l and k?
20
Suppose -5*u + 6160 = -14*o + 16*o, 3*u - 5*o = 3665. Suppose -15*v = -6375 + u. What is the greatest common divisor of v and 21?
7
Let u = 344 + -86. Suppose u = 8*j - 622. Suppose 0 = -s - 2*s + 33. What is the greatest common factor of s and j?
11
Let g be (-7)/((-28)/8) + 5*12. Suppose h + h + 6 = 0, -4*h - g = -x. What is the greatest common factor of 125 and x?
25
Let x(k) = -557*k - 3216. Let p be x(-6). Suppose 170 = o + 2. Calculate the highest common divisor of p and o.
42
Suppose -2*r = -4*s + 68, -78 = 2*s + 3*r - 96. What is the greatest common divisor of 2935 and s?
5
Let i(t) = 4*t - 1. Let a be i(4). Let d be (-7)/(-1) + 90 + -17. What is the highest common factor of a and d?
5
Let g = -1110 + 1149. Calculate the highest common divisor of 832 and g.
13
Let p be (7/1 - 2) + (243 - (12 + -12)). Suppose -2*u = u - 2*g - 9, -4*g = -u - 7. Let i = 36 - u. Calculate the highest common factor of i and p.
31
Suppose z = 4*z - 264. Let v be (11*10)/((-246)/(-5289)*43). What is the highest common divisor of v and z?
11
Suppose 0 = l - 3*u - 3912 + 1383, -4*l = 5*u - 10116. What is the highest common divisor of 18 and l?
9
Suppose 520*p - 1932 = 507*p + 3580. Calculate the greatest common factor of 7738 and p.
106
Let q be (-355642)/(-882) + 2/18*-2. What is the highest common factor of 52 and q?
13
Let d be 4 - ((-96)/(-12) - (1 - -2)). Let u(w) = -33*w**3 - w**2 - 2. Let n be u(d). Calculate the greatest common divisor of n and 870.
30
Suppose 0 = 161*o - 152*o - 162. Suppose -6*d = -o*d + 6120. What is the highest common factor of d and 6?
6
Let s be 28 + (2/4*-1)/((-67)/804). Calculate the highest common divisor of 1054 and s.
34
Let t(i) = 2*i**3 + 65*i**2 + 19*i - 36. Let g be t(-32). Calculate the greatest common divisor of 228 and g.
76
Let h = 6240 - 3621. Calculate the greatest common divisor of h and 97.
97
Suppose -5*s + 23*s - 18 = 0. Let d(o) = -5*o + 112. Let h be d(21). What is the highest common divisor of h and s?
1
Let m = -14 - -19. Let w be 4 + (m + -7 - 2). Suppose w = 3*y - s - 573, -2*y + 476 - 105 = 3*s. What is the greatest common factor of y and 10?
10
Let t = 36582 + -24327. What is the highest common factor of 1140 and t?
285
Suppose u = -3*u + 1148. Let f(s) = -s**3 + 20*s**2 + 2*s + 1. Suppose 75*b - 74*b = 20. Let j be f(b). What is the greatest common divisor of u and j?
41
Suppose 0 = -24*k - 86*k + 717860. What is the highest common factor of 52 and k?
26
Suppose -42681 = -12*c + 9999. Suppose c + 1880 = 15*x. Calculate the highest common divisor of 22 and x.
22
Suppose 33*o - 35*o - 7264 = -34*o. Calculate the greatest common factor of 10669 and o.
227
Suppose -5*r - 8*m = -5*m - 71, -3*m + 45 = 3*r. Suppose 4*c + 2*x - 20 = -2, -4*c - x = -r. What is the greatest common factor of 34 and c?
2
Let m be 172 - (2 - 12) - -10. Calculate the greatest common factor of 4320 and m.
96
Suppose -2*g + 1 = -5. Suppose -d = -a + 40, 0 = -2*a - d - g*d + 110. Suppose 180 = 12*l - 10*l. Calculate the greatest common factor of l and a.
45
Let o(v) = 2*v**2 + 78*v + 897. Let n be o(-42). Calculate the greatest common factor of 12 and n.
3
Suppose -4*x - u = -6*x + 1930, -x = -2*u - 959. Suppose -2787 = -13*d - x. Let r be (-122)/(-6) + (-2)/6. What is the highest common factor of d and r?
20
Suppose 2*f + 4 = 54. Suppose -f = -6*o + 191. Suppose -6*m + 60 = -m. Calculate the greatest common factor of o and m.
12
Suppose 7*s - 31008 = 3*s - 72*s. Calculate the greatest common divisor of s and 714.
102
Suppose -4*m + 260 = 6*m. Suppose 2 = 27*c - m*c. Let v be (-26)/8*c*-14. What is the greatest common divisor of v and 13?
13
Let x(m) = -5*m**3 - 9*m**2 + 10*m + 16. Let t be x(-8). Suppose -704 = t*w - 1928*w. Calculate the greatest common factor of 165 and w.
11
Let g be (((-477)/60 - (-23)/(-460)) + -32)*-4. Let v = 85 + -21. What is the highest common factor of v and g?
32
Suppose 2*b + 0*i - 8 = -2*i, -3*i - 2 = -4*b. Suppose b = 4*u - 14. Let g = 52 - u. What is the highest common divisor of 32 and g?
16
Let v(c) = c - 57 + 136 - 65 + 6*c. Let f be v(13). Calculate the greatest common divisor of 21 and f.
21
Let a = 21 + 22. Suppose -3*r = -4*j - 504, -4*r = -j - 9 - 676. What is the greatest common divisor of a and r?
43
Let k = 325 - 325. Suppose k = 30*y - 9295 + 1795. Calculate the highest common divisor of y and 5.
5
Suppose 3*n + 3 = 3*x - x, 0 = x + 3*n - 24. Let k be x/4*(-128)/(-6). Let d be 2/4 + (-315)/(-10). What is the highest common factor of k and d?
16
Suppose -203 = s - 2*s. Suppose 2*x = -46 + 264. Let v be (-7 - x)*(-1)/4. Calculate the highest common divisor of v and s.
29
Suppose -3*y + 288 = -2*d + 79, -344 = -5*y - d. What is the highest common factor of y and 10833?
69
Suppose 3*o - 4*m = 17, -43*o + 42*o = -3*m - 14. Let d be 5 + 0 - (1 - -450)*o. Suppose -191 = -3*c - 20. Calculate the greatest common divisor of d and c.
57
Let d(a) = -710*a**3 + 4*a**2 + 39*a + 36. Let r be d(-1). What is the greatest common factor of r and 63?
9
Let o(p) be the second derivative of -p**4/12 + 5*p**3/2 - 7*p**2/2 - p - 5. Let g be o(10). Calculate the highest common divisor of g and 129.
43
Suppose -3*l + 54 = 48. Suppose -33 = -l*c - 3*f, -2*c + 63 = 2*c + 5*f. What is the greatest common factor of 324 and c?
12
Let w be (3519/(-345))/(9/(-30)). What is the highest common factor of 502 and w?
2
Let n be -3 + 3 - (13 - 68). Let h = 89 - n. Calculate the greatest common divisor of 119 and h.
17
Let u(w) = 143*w - 1661. Let g be u(12). Suppose 220 = -m + 3*m. What is the highest common factor of m and g?
55
Let a be (3204/27)/(6/(-9)). Let q = 183 + a. What is the greatest common divisor of q and 20?
5
Let s(p) = 2*p - 77. Suppose 7*k - 9*k + 68 = 2*q, -98 = -2*k + 4*q. Let z be s(k). Calculate the highest common divisor of 13 and z.
1
Suppose 21*n - 2306 = 46. What is the greatest common divisor of 168 and n?
56
Suppose 0 = 2*a - 2, 0 = -5*j + 13*